3. Suppose 5*c = -5, n*c + 3 = v + 5*c. What is the highest common divisor of v and g?
2
Suppose -n - 4*s - 23 = 0, -5*n - 5 - 34 = s. Let r(t) = 4 + t**2 - 12 + 4 - 5 + 4*t. Let u be r(n). What is the greatest common factor of u and 48?
12
Let y(r) = -3*r**3 + r**2 + 4*r + 6. Let f be y(-4). Suppose -f = -2*v - v. Calculate the highest common factor of v and 44.
22
Let w(z) = -z**3 - 4*z**2 + z - 5. Let d be w(-6). Let a = d + -16. What is the greatest common factor of a and 30?
15
Let n be (9/3 + -2)*4. Let v = 5 + n. Suppose -63 = -s - 18. What is the highest common divisor of v and s?
9
Let p = 90 - 46. Suppose 0 = 4*y, u - p = -u + 3*y. Calculate the greatest common divisor of u and 55.
11
Let z be 55 + (4 - 2 - 1). What is the greatest common divisor of z and 14?
14
Let i = -1 - -5. Let g = 5 + i. Calculate the highest common factor of g and 63.
9
Let o be -6 - -9 - (-1 - 371). Suppose -o = -2*j - 3*j. Suppose -4*t - 5*z = -95, -j = -2*t - t - 5*z. Calculate the greatest common divisor of t and 10.
10
Let b = -13 - -37. What is the greatest common factor of 8 and b?
8
Suppose -33 = q - 2*o, 4*o - 5 = q + 18. Let n = q - -72. Suppose 5*g + n = 519. Calculate the greatest common factor of 14 and g.
14
Suppose 0 - 6 = -3*w. Suppose -480 = -w*c - c. What is the greatest common factor of 16 and c?
16
Suppose 0 = -7*y + 9*y - 10. Suppose 2*t - 4*u - 36 = -2*t, -y*t + 27 = u. What is the greatest common factor of 2 and t?
2
Let y = 61 - 25. Let x = 68 - y. Calculate the greatest common factor of x and 4.
4
Let s = 26 + -134. Let i be s/(-5) + 4/10. Let b(z) = z**2 + z + 55. Let r be b(0). Calculate the greatest common divisor of r and i.
11
Let u = -41 + 57. Calculate the highest common factor of 40 and u.
8
Let l(d) = -d**2 + 141. Let n be l(0). Suppose 4*v = 59 + n. Suppose u + 3 = 23. What is the highest common divisor of u and v?
10
Let j = 0 - -5. Calculate the highest common divisor of 55 and j.
5
Suppose 3*q - q - 3*v - 15 = 0, 4*q - 33 = 3*v. Let h be (q/3)/1*2. Suppose -r + h*u = 2*u - 2, 5*r = -u + 94. Calculate the greatest common factor of r and 12.
6
Let t(h) = 0*h + 4*h - 2*h**2 - 3*h + 13*h**3. Suppose 0*l = l - 1. Let j be t(l). Calculate the greatest common divisor of j and 3.
3
Let a be 11/((-33)/(-174)) + 4*-1. What is the greatest common divisor of a and 12?
6
Let j = -40 + 215. What is the highest common divisor of j and 25?
25
Let b = 59 + -55. Calculate the greatest common factor of 20 and b.
4
Let n(l) = l**3 + 7*l**2 + 7*l + 3. Let w be n(-6). Let i be (-1 + 0)*(w + 0). Let g = 34 - 7. Calculate the greatest common factor of g and i.
3
Let t be 1*(22 + 0) - -3. Suppose -4*g = t - 65. Calculate the greatest common factor of g and 80.
10
Let d = -1 + 1. Let c = -18 - -12. Let v = d - c. What is the greatest common divisor of v and 4?
2
Suppose 4*k - 768 = k. What is the greatest common factor of k and 32?
32
Suppose -175 = -3*g - 3*s - 55, 0 = 5*g - s - 200. What is the highest common divisor of g and 80?
40
Suppose -3*k - 5*p = -k + 14, -26 = 2*k - p. Let q = k + 7. Let c(d) = -2*d - 7. Let i be c(q). Calculate the highest common factor of 12 and i.
3
Suppose -4*v + 38 - 2 = 0. Let u be (6/v)/(2/12). Let m = 1 + 0. What is the highest common factor of u and m?
1
Let c = 49 - 25. What is the highest common factor of 16 and c?
8
Let p = -2 - -3. Suppose 7 = t - p. Let d be 950/t - 2/(-8). What is the greatest common divisor of d and 17?
17
Suppose -2*l = -2*x + 2, 4 = 2*x - x. Calculate the highest common divisor of l and 3.
3
Suppose -2*t - 3*p = -6*t + 74, 0 = 5*p - 10. Calculate the highest common divisor of 20 and t.
20
Let k = -43 - -61. Calculate the highest common divisor of k and 18.
18
Let a be (16/6)/((-22)/231). Suppose -2*w - 328 = 2*w. Let x be (-8)/a + w/(-7). What is the highest common divisor of x and 24?
12
Suppose 0 = 2*g + 5*a - 21, 4*a - 7 = -2*g + 11. Calculate the greatest common divisor of g and 3.
3
Let q = -59 - -93. Let x = q - 12. Calculate the highest common factor of x and 11.
11
Suppose 0 = 2*m + 4*i + 4, 3*i + 11 + 5 = 5*m. Suppose c + v = -2*v + 20, m*v - 39 = -3*c. What is the greatest common factor of c and 121?
11
Let l = -18 - -44. Suppose -4*t - 4*j = -76, 3*t - 5*j - l = 71. Let h = -1 + 4. Calculate the highest common factor of h and t.
3
Let q be 85/2*(-12)/(-15). Calculate the greatest common factor of q and 51.
17
Let p(u) = -u**3 - 2*u**2 - 3*u - 3. Let g be p(-2). Let t(s) = -s + s**3 - g + 1 - 7*s**2 + 2*s. Let k be t(7). What is the highest common divisor of k and 20?
5
Suppose 535 + 221 = 6*v. Suppose 4*m - m + 5*d = 52, -d + 72 = 5*m. What is the highest common divisor of m and v?
14
Suppose 2*c = c + 3. Suppose 0 = v + 4*s - 2, 57 - 138 = -c*v + 3*s. Calculate the greatest common factor of v and 33.
11
Let l(p) = -p**3 + p**2 + p - 2. Let j be l(-3). Let n = -144 - -221. Let u = j + n. Calculate the highest common factor of 12 and u.
12
Let d = 25 + -12. Let w be 2 - (13 + 3/1). Let h = w - -27. What is the greatest common factor of d and h?
13
Let a(x) = -6*x + 1. Let g be a(4). Let s = 91 + g. Calculate the highest common factor of s and 17.
17
Let v(w) = 3*w**2 + w. Let h be v(-1). Suppose 3*p - 10 - h = 0. Let b = p + 18. Calculate the highest common divisor of 33 and b.
11
Let k = 11 + -2. Let u be ((-1)/(-3))/((-2)/(-30)). Suppose u*y + 22 - 79 = -4*p, y + 3 = 0. What is the greatest common divisor of p and k?
9
Suppose 2*m - 4 = z - 2*z, 5*m + 5*z = 10. Let i be ((m - 0) + -1)*-1. Let t = 3 + i. Calculate the highest common factor of t and 1.
1
Let c = -107 - -152. Let n = -4 + 13. Calculate the highest common factor of n and c.
9
Let b be (6 - 1)*256/40. Calculate the greatest common factor of 48 and b.
16
Let k be (-2)/(-4) - 6/(-4). Let i(l) = l - 6. Let o be i(6). Suppose -3*s - k*s + 30 = o. What is the greatest common factor of s and 4?
2
Suppose 26 = 5*k - 94. Suppose -12 = 4*d - 6*d. What is the highest common divisor of d and k?
6
Suppose 5*i - 49 = -4*u, -u + 15 = 2*i - 4. Calculate the highest common factor of 72 and i.
9
Let a = 14 + 31. Calculate the greatest common factor of a and 5.
5
Let f = -13 + 33. Let r = f - -1. Calculate the highest common divisor of r and 3.
3
Let n be -3 - (-106)/22 - (-12)/66. Suppose -2*b = b - 54. Calculate the highest common factor of b and n.
2
Let s(m) = -m**3 + 15. Let y be s(0). Let v(b) = b**3 - 14*b**2 - 13*b - 10. Let z be v(y). Calculate the highest common factor of z and 4.
4
Suppose -10 = 6*p - 5*p. Let j = 8 - p. Calculate the highest common factor of 90 and j.
18
Suppose -5*n - 24 = -13*n. Calculate the highest common divisor of 3 and n.
3
Suppose -4 = -3*w + w. Suppose 4*s - 213 = -69. Suppose 0 = u + u - s. Calculate the greatest common factor of w and u.
2
Suppose 2*s = -2*s - 40. Let a be 158/10 + (-2)/s. What is the greatest common factor of a and 144?
16
Suppose 2*u + 2 + 4 = 0, z - 94 = 2*u. What is the greatest common divisor of 22 and z?
22
Suppose -2*i = 3*w - 278, -294 = -0*i - 2*i + w. What is the highest common divisor of i and 29?
29
Let t(h) = -17*h**3 + h - 1. Let j be t(1). Let s be (1 - j/(-3))*3. Let c = s + 36. Calculate the greatest common factor of c and 33.
11
Let l be (-2 + 267)*(-6)/(-15). Let o be 4/18 + l/9. What is the greatest common factor of o and 132?
12
Suppose -3*l - 5*p + 46 = -2*l, 5*l - 85 = 4*p. What is the highest common factor of l and 14?
7
Let c be -3*(20/(-3) + 12/(-6)). Suppose 0 = -2*u - 0*u + 130. What is the greatest common divisor of u and c?
13
Let y = 8 + 64. Let n = -3 + 11. Calculate the highest common divisor of n and y.
8
Let k be 6*19*(-3)/(-6). Suppose -2*q = -p + k, -q + 4*q = 5*p - 278. What is the greatest common divisor of 22 and p?
11
Suppose 2*a = -5*v + 131 + 402, v - 109 = -a. Calculate the highest common factor of v and 42.
21
Suppose 0 = -2*p + h + 90, p - 56 = -h - 5. What is the greatest common divisor of p and 423?
47
Suppose -5*z + z = 20. Let x(k) = k**3 + 8*k**2 + 3*k + 3. Let w be x(z). Calculate the highest common divisor of 7 and w.
7
Suppose -12*m + 9*m = -261. Calculate the greatest common divisor of m and 58.
29
Let f be -1*((-40)/(-2))/(-2). What is the highest common factor of f and 40?
10
Let k be (-3)/9 + 38/(-3). Let i(p) = -